ed by 563.
420
What is the remainder when 306380 is divided by 26?
22
Calculate the remainder when 1729 is divided by 461.
346
Calculate the remainder when 25303 is divided by 7.
5
Calculate the remainder when 1099799 is divided by 900.
899
What is the remainder when 892 is divided by 160?
92
Calculate the remainder when 1191 is divided by 72.
39
What is the remainder when 690948 is divided by 5?
3
What is the remainder when 1787 is divided by 235?
142
What is the remainder when 185757 is divided by 1214?
15
Calculate the remainder when 304 is divided by 156.
148
Calculate the remainder when 2723345 is divided by 781.
779
What is the remainder when 2814481 is divided by 327?
319
Calculate the remainder when 32009 is divided by 84.
5
Calculate the remainder when 94529 is divided by 202.
195
Calculate the remainder when 539804 is divided by 41.
39
What is the remainder when 4798 is divided by 2382?
34
What is the remainder when 874671 is divided by 394?
385
Calculate the remainder when 170305 is divided by 90.
25
Calculate the remainder when 720 is divided by 195.
135
Calculate the remainder when 5573 is divided by 71.
35
What is the remainder when 35935 is divided by 34?
31
Calculate the remainder when 4630 is divided by 49.
24
What is the remainder when 125083 is divided by 1489?
7
Calculate the remainder when 139665 is divided by 46554.
3
What is the remainder when 7628 is divided by 123?
2
Calculate the remainder when 64565 is divided by 340.
305
Calculate the remainder when 2515 is divided by 155.
35
Calculate the remainder when 9118 is divided by 47.
0
What is the remainder when 181077 is divided by 1006?
1003
Calculate the remainder when 413163 is divided by 78.
75
What is the remainder when 24659 is divided by 514?
501
Calculate the remainder when 16369 is divided by 182.
171
What is the remainder when 194627 is divided by 331?
330
What is the remainder when 9001 is divided by 215?
186
What is the remainder when 14570 is divided by 140?
10
What is the remainder when 276756 is divided by 27?
6
What is the remainder when 21710 is divided by 21697?
13
What is the remainder when 24347 is divided by 153?
20
Calculate the remainder when 440862 is divided by 92.
90
Calculate the remainder when 60578 is divided by 127.
126
What is the remainder when 6090 is divided by 6081?
9
What is the remainder when 13035 is divided by 4343?
6
What is the remainder when 2676 is divided by 2661?
15
Calculate the remainder when 1001 is divided by 41.
17
Calculate the remainder when 6086 is divided by 6055.
31
Calculate the remainder when 30100 is divided by 72.
4
Calculate the remainder when 34885 is divided by 4359.
13
What is the remainder when 2016 is divided by 259?
203
What is the remainder when 32364 is divided by 223?
29
What is the remainder when 2091 is divided by 208?
11
What is the remainder when 32603 is divided by 11?
10
Calculate the remainder when 255602 is divided by 12171.
11
Calculate the remainder when 866 is divided by 816.
50
Calculate the remainder when 4922 is divided by 35.
22
Calculate the remainder when 6817 is divided by 1.
0
What is the remainder when 19135 is divided by 9542?
51
Calculate the remainder when 38342 is divided by 172.
158
What is the remainder when 46716 is divided by 41?
17
What is the remainder when 579212 is divided by 264?
260
Calculate the remainder when 196148 is divided by 78.
56
Calculate the remainder when 142237 is divided by 140.
137
Calculate the remainder when 4555 is divided by 331.
252
Calculate the remainder when 158923 is divided by 115.
108
What is the remainder when 1941 is divided by 451?
137
What is the remainder when 10086 is divided by 1674?
42
Calculate the remainder when 27609 is divided by 694.
543
What is the remainder when 42656 is divided by 60?
56
Calculate the remainder when 506413 is divided by 37.
31
What is the remainder when 545 is divided by 305?
240
Calculate the remainder when 2592292 is divided by 1181.
1178
What is the remainder when 1870 is divided by 18?
16
Calculate the remainder when 97 is divided by 2.
1
What is the remainder when 33723 is divided by 106?
15
What is the remainder when 244725 is divided by 9?
6
Calculate the remainder when 299 is divided by 41.
12
Calculate the remainder when 4604138 is divided by 387.
386
Calculate the remainder when 8039 is divided by 520.
239
What is the remainder when 7682 is divided by 7660?
22
Calculate the remainder when 37358 is divided by 225.
8
What is the remainder when 2822 is divided by 6?
2
What is the remainder when 474 is divided by 41?
23
Calculate the remainder when 47281 is divided by 333.
328
What is the remainder when 325 is divided by 139?
47
Calculate the remainder when 4132797 is divided by 80.
77
Calculate the remainder when 34738 is divided by 1516.
1386
What is the remainder when 245794 is divided by 116?
106
Calculate the remainder when 2512066 is divided by 2458.
2448
Calculate the remainder when 3352 is divided by 675.
652
Calculate the remainder when 1725110 is divided by 1198.
1188
What is the remainder when 286918 is divided by 599?
596
What is the remainder when 9575 is divided by 67?
61
Calculate the remainder when 19912 is divided by 3313.
34
Calculate the remainder when 77275 is divided by 460.
455
What is the remainder when 13379 is divided by 2606?
349
What is the remainder when 678616 is divided by 19?
12
What is the remainder when 6299 is divided by 700?
699
What is the remainder when 14759 is divided by 670?
19
Calculate the remainder when 82394 is divided by 17.
12
What is the remainder when 303931 is divided by 101276?
103
What is the remainder when 350613 is divided by 29212?
69
What is the remainder when 28229 is divided by 2163?
110
What is the remainder when 5348 is divided by 5323?
25
Calculate the remainder when 2909 is divided by 1600.
1309
Calculate the remainder when 980 is divided by 740.
240
Calculate the remainder when 61088 is divided by 106.
32
What is the remainder when 4591 is divided by 56?
55
Calculate the remainder when 2352 is divided by 131.
125
Calculate the remainder when 9016 is divided by 108.
52
What is the remainder when 31649 is divided by 705?
629
What is the remainder when 56882 is divided by 28432?
18
Calculate the remainder when 99595 is divided by 101.
9
What is the remainder when 9656 is divided by 9648?
8
What is the remainder when 267128 is divided by 6?
2
Calculate the remainder when 192804 is divided by 80.
4
Calculate the remainder when 231914 is divided by 480.
74
What is the remainder when 3418 is divided by 1187?
1044
What is the remainder when 1827 is divided by 1506?
321
What is the remainder when 45216 is divided by 17?
13
Calculate the remainder when 12113 is divided by 1104.
1073
What is the remainder when 2011733 is divided by 463?
461
Calculate the remainder when 1720 is divided by 223.
159
Calculate the remainder when 173383 is divided by 57741.
160
What is the remainder when 4042 is divided by 893?
470
Calculate the remainder when 13790 is divided by 101.
54
What is the remainder when 5454 is divided by 109?
4
What is the remainder when 14806 is divided by 435?
16
What is the remainder when 13655 is divided by 4377?
524
What is the remainder when 19068 is divided by 560?
28
Calculate the remainder when 26357 is divided by 1143.
68
What is the remainder when 11369 is divided by 8?
1
What is the remainder when 123216 is divided by 24642?
6
What is the remainder when 161696 is divided by 42?
38
What is the remainder when 57057 is divided by 15?
12
Calculate the remainder when 3101 is divided by 183.
173
What is the remainder when 12287 is divided by 24?
23
Calculate the remainder when 7464 is divided by 225.
39
What is the remainder when 1746 is divided by 1116?
630
Calculate the remainder when 1390113 is divided by 13.
10
Calculate the remainder when 97657 is divided by 380.
377
Calculate the remainder when 23668 is divided by 595.
463
Calculate the remainder when 1336 is divided by 329.
20
What is the remainder when 5105 is divided by 1683?
56
What is the remainder when 1184 is divided by 465?
254
Calculate the remainder when 15135 is divided by 7558.
19
What is the remainder when 2318 is divided by 808?
702
Calculate the remainder when 12551 is